{"id":1635,"date":"2026-03-08T12:46:28","date_gmt":"2026-03-08T12:46:28","guid":{"rendered":"https:\/\/gmfushawi.ca\/?page_id=1635"},"modified":"2026-03-13T09:30:12","modified_gmt":"2026-03-13T09:30:12","slug":"nos-residents","status":"publish","type":"page","link":"https:\/\/gmfushawi.ca\/index.php\/nos-residents\/","title":{"rendered":"Nos r\u00e9sidents"},"content":{"rendered":"\n<div class=\"wp-block-columns is-layout-flex wp-container-core-columns-is-layout-9d6595d7 wp-block-columns-is-layout-flex\">\n<div class=\"wp-block-column is-layout-flow wp-block-column-is-layout-flow\"><div class=\"wp-block-image\">\n<figure class=\"aligncenter size-full\"><img loading=\"lazy\" decoding=\"async\" width=\"327\" height=\"362\" src=\"https:\/\/gmfushawi.ca\/wp-content\/uploads\/2026\/03\/BojinovaRossiana.png\" alt=\"\" class=\"wp-image-1689\" srcset=\"https:\/\/gmfushawi.ca\/wp-content\/uploads\/2026\/03\/BojinovaRossiana.png 327w, https:\/\/gmfushawi.ca\/wp-content\/uploads\/2026\/03\/BojinovaRossiana-271x300.png 271w\" sizes=\"auto, (max-width: 327px) 100vw, 327px\" \/><figcaption class=\"wp-element-caption\">Dre Rossiana Bojinova<\/figcaption><\/figure>\n<\/div><\/div>\n\n\n\n<div class=\"wp-block-column is-layout-flow wp-block-column-is-layout-flow\"><div class=\"wp-block-image\">\n<figure class=\"aligncenter size-full\"><img loading=\"lazy\" decoding=\"async\" width=\"360\" height=\"360\" src=\"https:\/\/gmfushawi.ca\/wp-content\/uploads\/2026\/03\/BussieresGabriel.jpg\" alt=\"\" class=\"wp-image-1690\" srcset=\"https:\/\/gmfushawi.ca\/wp-content\/uploads\/2026\/03\/BussieresGabriel.jpg 360w, https:\/\/gmfushawi.ca\/wp-content\/uploads\/2026\/03\/BussieresGabriel-300x300.jpg 300w, https:\/\/gmfushawi.ca\/wp-content\/uploads\/2026\/03\/BussieresGabriel-150x150.jpg 150w\" sizes=\"auto, (max-width: 360px) 100vw, 360px\" \/><figcaption class=\"wp-element-caption\">Dr Gabriel Bussi\u00e8res<\/figcaption><\/figure>\n<\/div><\/div>\n\n\n\n<div class=\"wp-block-column is-layout-flow wp-block-column-is-layout-flow\"><div class=\"wp-block-image\">\n<figure class=\"aligncenter size-full\"><img loading=\"lazy\" decoding=\"async\" width=\"345\" height=\"360\" src=\"https:\/\/gmfushawi.ca\/wp-content\/uploads\/2026\/03\/CecileBianca.jpg\" alt=\"\" class=\"wp-image-1691\" srcset=\"https:\/\/gmfushawi.ca\/wp-content\/uploads\/2026\/03\/CecileBianca.jpg 345w, https:\/\/gmfushawi.ca\/wp-content\/uploads\/2026\/03\/CecileBianca-288x300.jpg 288w\" sizes=\"auto, (max-width: 345px) 100vw, 345px\" \/><figcaption class=\"wp-element-caption\">Dre Bianca C\u00e9cile<\/figcaption><\/figure>\n<\/div><\/div>\n<\/div>\n\n\n\n<div class=\"wp-block-columns is-layout-flex wp-container-core-columns-is-layout-9d6595d7 wp-block-columns-is-layout-flex\">\n<div class=\"wp-block-column is-layout-flow wp-block-column-is-layout-flow\"><div class=\"wp-block-image\">\n<figure class=\"aligncenter size-full\"><img loading=\"lazy\" decoding=\"async\" width=\"358\" height=\"354\" src=\"https:\/\/gmfushawi.ca\/wp-content\/uploads\/2026\/03\/DessureaultAlexandra.jpg\" alt=\"\" class=\"wp-image-1692\" srcset=\"https:\/\/gmfushawi.ca\/wp-content\/uploads\/2026\/03\/DessureaultAlexandra.jpg 358w, https:\/\/gmfushawi.ca\/wp-content\/uploads\/2026\/03\/DessureaultAlexandra-300x297.jpg 300w\" sizes=\"auto, (max-width: 358px) 100vw, 358px\" \/><figcaption class=\"wp-element-caption\">Dre Alexandra Dessureault<\/figcaption><\/figure>\n<\/div><\/div>\n\n\n\n<div class=\"wp-block-column is-layout-flow wp-block-column-is-layout-flow\"><div class=\"wp-block-image\">\n<figure class=\"aligncenter size-full\"><img loading=\"lazy\" decoding=\"async\" width=\"358\" height=\"360\" src=\"https:\/\/gmfushawi.ca\/wp-content\/uploads\/2026\/03\/DuprasCharlie.jpg\" alt=\"\" class=\"wp-image-1693\" srcset=\"https:\/\/gmfushawi.ca\/wp-content\/uploads\/2026\/03\/DuprasCharlie.jpg 358w, https:\/\/gmfushawi.ca\/wp-content\/uploads\/2026\/03\/DuprasCharlie-298x300.jpg 298w, https:\/\/gmfushawi.ca\/wp-content\/uploads\/2026\/03\/DuprasCharlie-150x150.jpg 150w\" sizes=\"auto, (max-width: 358px) 100vw, 358px\" \/><figcaption class=\"wp-element-caption\">Dre Charlie Dupras<\/figcaption><\/figure>\n<\/div><\/div>\n\n\n\n<div class=\"wp-block-column is-layout-flow wp-block-column-is-layout-flow\"><div class=\"wp-block-image\">\n<figure class=\"aligncenter size-full\"><img loading=\"lazy\" decoding=\"async\" width=\"360\" height=\"360\" src=\"https:\/\/gmfushawi.ca\/wp-content\/uploads\/2026\/03\/FlorezQuintanaDaissyLorena.jpg\" alt=\"\" class=\"wp-image-1694\" srcset=\"https:\/\/gmfushawi.ca\/wp-content\/uploads\/2026\/03\/FlorezQuintanaDaissyLorena.jpg 360w, https:\/\/gmfushawi.ca\/wp-content\/uploads\/2026\/03\/FlorezQuintanaDaissyLorena-300x300.jpg 300w, https:\/\/gmfushawi.ca\/wp-content\/uploads\/2026\/03\/FlorezQuintanaDaissyLorena-150x150.jpg 150w\" sizes=\"auto, (max-width: 360px) 100vw, 360px\" \/><figcaption class=\"wp-element-caption\">Dre Caissy Lorena Florez Quintana<\/figcaption><\/figure>\n<\/div><\/div>\n<\/div>\n\n\n\n<div class=\"wp-block-columns is-layout-flex wp-container-core-columns-is-layout-9d6595d7 wp-block-columns-is-layout-flex\">\n<div class=\"wp-block-column is-layout-flow wp-block-column-is-layout-flow\"><div class=\"wp-block-image\">\n<figure class=\"aligncenter size-full\"><img loading=\"lazy\" decoding=\"async\" width=\"385\" height=\"387\" src=\"https:\/\/gmfushawi.ca\/wp-content\/uploads\/2026\/03\/GauthierBisaillonFrederique.png\" alt=\"\" class=\"wp-image-1695\" srcset=\"https:\/\/gmfushawi.ca\/wp-content\/uploads\/2026\/03\/GauthierBisaillonFrederique.png 385w, https:\/\/gmfushawi.ca\/wp-content\/uploads\/2026\/03\/GauthierBisaillonFrederique-298x300.png 298w, https:\/\/gmfushawi.ca\/wp-content\/uploads\/2026\/03\/GauthierBisaillonFrederique-150x150.png 150w\" sizes=\"auto, (max-width: 385px) 100vw, 385px\" \/><figcaption class=\"wp-element-caption\">Dre Fr\u00e9d\u00e9rique Gauthier-Bisaillon<\/figcaption><\/figure>\n<\/div><\/div>\n\n\n\n<div class=\"wp-block-column is-layout-flow wp-block-column-is-layout-flow\"><div class=\"wp-block-image\">\n<figure class=\"aligncenter size-full\"><img loading=\"lazy\" decoding=\"async\" width=\"224\" height=\"246\" src=\"https:\/\/gmfushawi.ca\/wp-content\/uploads\/2026\/03\/SeguinMarcAndre.png\" alt=\"\" class=\"wp-image-1697\"\/><figcaption class=\"wp-element-caption\">Dre Marc-Andr\u00e9 S\u00e9guin<\/figcaption><\/figure>\n<\/div><\/div>\n\n\n\n<div class=\"wp-block-column is-layout-flow wp-block-column-is-layout-flow\"><div class=\"wp-block-image\">\n<figure class=\"aligncenter size-full\"><img loading=\"lazy\" decoding=\"async\" width=\"389\" height=\"385\" src=\"https:\/\/gmfushawi.ca\/wp-content\/uploads\/2026\/03\/SenayAndrea.jpg\" alt=\"\" class=\"wp-image-1698\" srcset=\"https:\/\/gmfushawi.ca\/wp-content\/uploads\/2026\/03\/SenayAndrea.jpg 389w, https:\/\/gmfushawi.ca\/wp-content\/uploads\/2026\/03\/SenayAndrea-300x297.jpg 300w\" sizes=\"auto, (max-width: 389px) 100vw, 389px\" \/><figcaption class=\"wp-element-caption\">Dre Andr\u00e9 Senay<\/figcaption><\/figure>\n<\/div><\/div>\n<\/div>\n\n\n\n<div class=\"wp-block-columns is-layout-flex wp-container-core-columns-is-layout-9d6595d7 wp-block-columns-is-layout-flex\">\n<div class=\"wp-block-column is-layout-flow wp-block-column-is-layout-flow\"><div class=\"wp-block-image\">\n<figure class=\"aligncenter size-full\"><img loading=\"lazy\" decoding=\"async\" width=\"358\" height=\"387\" src=\"https:\/\/gmfushawi.ca\/wp-content\/uploads\/2026\/03\/TravaillaudEva.png\" alt=\"\" class=\"wp-image-1699\" srcset=\"https:\/\/gmfushawi.ca\/wp-content\/uploads\/2026\/03\/TravaillaudEva.png 358w, https:\/\/gmfushawi.ca\/wp-content\/uploads\/2026\/03\/TravaillaudEva-278x300.png 278w\" sizes=\"auto, (max-width: 358px) 100vw, 358px\" \/><figcaption class=\"wp-element-caption\">Dre \u00c9va Travaillaud<\/figcaption><\/figure>\n<\/div><\/div>\n\n\n\n<div class=\"wp-block-column is-layout-flow wp-block-column-is-layout-flow\"><\/div>\n\n\n\n<div class=\"wp-block-column is-layout-flow wp-block-column-is-layout-flow\"><\/div>\n<\/div>\n\n\n\n<p><\/p>\n","protected":false},"excerpt":{"rendered":"","protected":false},"author":1,"featured_media":0,"parent":0,"menu_order":0,"comment_status":"closed","ping_status":"closed","template":"","meta":{"footnotes":""},"class_list":["post-1635","page","type-page","status-publish","hentry"],"yoast_head":"<!-- This site is optimized with the Yoast SEO plugin v27.4 - https:\/\/yoast.com\/product\/yoast-seo-wordpress\/ -->\n<title>Nos r\u00e9sidents - GMF-U de Shawinigan<\/title>\n<meta name=\"description\" content=\"Pr\u00e9sentation de nos r\u00e9sidents se sp\u00e9cialisant en m\u00e9decine familiale.\" \/>\n<meta name=\"robots\" content=\"index, follow, max-snippet:-1, max-image-preview:large, max-video-preview:-1\" \/>\n<link rel=\"canonical\" href=\"https:\/\/gmfushawi.ca\/index.php\/nos-residents\/\" \/>\n<meta property=\"og:locale\" content=\"fr_FR\" \/>\n<meta property=\"og:type\" content=\"article\" \/>\n<meta property=\"og:title\" content=\"Nos r\u00e9sidents - GMF-U de Shawinigan\" \/>\n<meta property=\"og:description\" content=\"Pr\u00e9sentation de nos r\u00e9sidents se sp\u00e9cialisant en m\u00e9decine familiale.\" \/>\n<meta property=\"og:url\" content=\"https:\/\/gmfushawi.ca\/index.php\/nos-residents\/\" \/>\n<meta property=\"og:site_name\" content=\"GMF-U de Shawinigan\" \/>\n<meta property=\"article:modified_time\" content=\"2026-03-13T09:30:12+00:00\" \/>\n<meta property=\"og:image\" content=\"https:\/\/gmfushawi.ca\/wp-content\/uploads\/2026\/03\/BojinovaRossiana.png\" \/>\n\t<meta property=\"og:image:width\" content=\"327\" \/>\n\t<meta property=\"og:image:height\" content=\"362\" \/>\n\t<meta property=\"og:image:type\" content=\"image\/png\" \/>\n<meta name=\"twitter:card\" content=\"summary_large_image\" \/>\n<meta name=\"twitter:label1\" content=\"Dur\u00e9e de lecture estim\u00e9e\" \/>\n\t<meta name=\"twitter:data1\" content=\"3 minutes\" \/>\n<script type=\"application\/ld+json\" class=\"yoast-schema-graph\">{\"@context\":\"https:\\\/\\\/schema.org\",\"@graph\":[{\"@type\":\"WebPage\",\"@id\":\"https:\\\/\\\/gmfushawi.ca\\\/index.php\\\/nos-residents\\\/\",\"url\":\"https:\\\/\\\/gmfushawi.ca\\\/index.php\\\/nos-residents\\\/\",\"name\":\"Nos r\u00e9sidents - GMF-U de Shawinigan\",\"isPartOf\":{\"@id\":\"https:\\\/\\\/gmfushawi.ca\\\/#website\"},\"primaryImageOfPage\":{\"@id\":\"https:\\\/\\\/gmfushawi.ca\\\/index.php\\\/nos-residents\\\/#primaryimage\"},\"image\":{\"@id\":\"https:\\\/\\\/gmfushawi.ca\\\/index.php\\\/nos-residents\\\/#primaryimage\"},\"thumbnailUrl\":\"https:\\\/\\\/gmfushawi.ca\\\/wp-content\\\/uploads\\\/2026\\\/03\\\/BojinovaRossiana.png\",\"datePublished\":\"2026-03-08T12:46:28+00:00\",\"dateModified\":\"2026-03-13T09:30:12+00:00\",\"description\":\"Pr\u00e9sentation de nos r\u00e9sidents se sp\u00e9cialisant en m\u00e9decine familiale.\",\"breadcrumb\":{\"@id\":\"https:\\\/\\\/gmfushawi.ca\\\/index.php\\\/nos-residents\\\/#breadcrumb\"},\"inLanguage\":\"fr-FR\",\"potentialAction\":[{\"@type\":\"ReadAction\",\"target\":[\"https:\\\/\\\/gmfushawi.ca\\\/index.php\\\/nos-residents\\\/\"]}]},{\"@type\":\"ImageObject\",\"inLanguage\":\"fr-FR\",\"@id\":\"https:\\\/\\\/gmfushawi.ca\\\/index.php\\\/nos-residents\\\/#primaryimage\",\"url\":\"https:\\\/\\\/gmfushawi.ca\\\/wp-content\\\/uploads\\\/2026\\\/03\\\/BojinovaRossiana.png\",\"contentUrl\":\"https:\\\/\\\/gmfushawi.ca\\\/wp-content\\\/uploads\\\/2026\\\/03\\\/BojinovaRossiana.png\",\"width\":327,\"height\":362},{\"@type\":\"BreadcrumbList\",\"@id\":\"https:\\\/\\\/gmfushawi.ca\\\/index.php\\\/nos-residents\\\/#breadcrumb\",\"itemListElement\":[{\"@type\":\"ListItem\",\"position\":1,\"name\":\"Accueil\",\"item\":\"https:\\\/\\\/gmfushawi.ca\\\/\"},{\"@type\":\"ListItem\",\"position\":2,\"name\":\"Nos r\u00e9sidents\"}]},{\"@type\":\"WebSite\",\"@id\":\"https:\\\/\\\/gmfushawi.ca\\\/#website\",\"url\":\"https:\\\/\\\/gmfushawi.ca\\\/\",\"name\":\"GMF-U de Shawinigan\",\"description\":\"\",\"publisher\":{\"@id\":\"https:\\\/\\\/gmfushawi.ca\\\/#organization\"},\"potentialAction\":[{\"@type\":\"SearchAction\",\"target\":{\"@type\":\"EntryPoint\",\"urlTemplate\":\"https:\\\/\\\/gmfushawi.ca\\\/?s={search_term_string}\"},\"query-input\":{\"@type\":\"PropertyValueSpecification\",\"valueRequired\":true,\"valueName\":\"search_term_string\"}}],\"inLanguage\":\"fr-FR\"},{\"@type\":\"Organization\",\"@id\":\"https:\\\/\\\/gmfushawi.ca\\\/#organization\",\"name\":\"GMF-U de Shawinigan\",\"url\":\"https:\\\/\\\/gmfushawi.ca\\\/\",\"logo\":{\"@type\":\"ImageObject\",\"inLanguage\":\"fr-FR\",\"@id\":\"https:\\\/\\\/gmfushawi.ca\\\/#\\\/schema\\\/logo\\\/image\\\/\",\"url\":\"https:\\\/\\\/gmfushawi.ca\\\/wp-content\\\/uploads\\\/2026\\\/03\\\/LogoEntete02.png\",\"contentUrl\":\"https:\\\/\\\/gmfushawi.ca\\\/wp-content\\\/uploads\\\/2026\\\/03\\\/LogoEntete02.png\",\"width\":160,\"height\":82,\"caption\":\"GMF-U de Shawinigan\"},\"image\":{\"@id\":\"https:\\\/\\\/gmfushawi.ca\\\/#\\\/schema\\\/logo\\\/image\\\/\"}}]}<\/script>\n<!-- \/ Yoast SEO plugin. -->","yoast_head_json":{"title":"Nos r\u00e9sidents - GMF-U de Shawinigan","description":"Pr\u00e9sentation de nos r\u00e9sidents se sp\u00e9cialisant en m\u00e9decine familiale.","robots":{"index":"index","follow":"follow","max-snippet":"max-snippet:-1","max-image-preview":"max-image-preview:large","max-video-preview":"max-video-preview:-1"},"canonical":"https:\/\/gmfushawi.ca\/index.php\/nos-residents\/","og_locale":"fr_FR","og_type":"article","og_title":"Nos r\u00e9sidents - GMF-U de Shawinigan","og_description":"Pr\u00e9sentation de nos r\u00e9sidents se sp\u00e9cialisant en m\u00e9decine familiale.","og_url":"https:\/\/gmfushawi.ca\/index.php\/nos-residents\/","og_site_name":"GMF-U de Shawinigan","article_modified_time":"2026-03-13T09:30:12+00:00","og_image":[{"width":327,"height":362,"url":"https:\/\/gmfushawi.ca\/wp-content\/uploads\/2026\/03\/BojinovaRossiana.png","type":"image\/png"}],"twitter_card":"summary_large_image","twitter_misc":{"Dur\u00e9e de lecture estim\u00e9e":"3 minutes"},"schema":{"@context":"https:\/\/schema.org","@graph":[{"@type":"WebPage","@id":"https:\/\/gmfushawi.ca\/index.php\/nos-residents\/","url":"https:\/\/gmfushawi.ca\/index.php\/nos-residents\/","name":"Nos r\u00e9sidents - GMF-U de Shawinigan","isPartOf":{"@id":"https:\/\/gmfushawi.ca\/#website"},"primaryImageOfPage":{"@id":"https:\/\/gmfushawi.ca\/index.php\/nos-residents\/#primaryimage"},"image":{"@id":"https:\/\/gmfushawi.ca\/index.php\/nos-residents\/#primaryimage"},"thumbnailUrl":"https:\/\/gmfushawi.ca\/wp-content\/uploads\/2026\/03\/BojinovaRossiana.png","datePublished":"2026-03-08T12:46:28+00:00","dateModified":"2026-03-13T09:30:12+00:00","description":"Pr\u00e9sentation de nos r\u00e9sidents se sp\u00e9cialisant en m\u00e9decine familiale.","breadcrumb":{"@id":"https:\/\/gmfushawi.ca\/index.php\/nos-residents\/#breadcrumb"},"inLanguage":"fr-FR","potentialAction":[{"@type":"ReadAction","target":["https:\/\/gmfushawi.ca\/index.php\/nos-residents\/"]}]},{"@type":"ImageObject","inLanguage":"fr-FR","@id":"https:\/\/gmfushawi.ca\/index.php\/nos-residents\/#primaryimage","url":"https:\/\/gmfushawi.ca\/wp-content\/uploads\/2026\/03\/BojinovaRossiana.png","contentUrl":"https:\/\/gmfushawi.ca\/wp-content\/uploads\/2026\/03\/BojinovaRossiana.png","width":327,"height":362},{"@type":"BreadcrumbList","@id":"https:\/\/gmfushawi.ca\/index.php\/nos-residents\/#breadcrumb","itemListElement":[{"@type":"ListItem","position":1,"name":"Accueil","item":"https:\/\/gmfushawi.ca\/"},{"@type":"ListItem","position":2,"name":"Nos r\u00e9sidents"}]},{"@type":"WebSite","@id":"https:\/\/gmfushawi.ca\/#website","url":"https:\/\/gmfushawi.ca\/","name":"GMF-U de Shawinigan","description":"","publisher":{"@id":"https:\/\/gmfushawi.ca\/#organization"},"potentialAction":[{"@type":"SearchAction","target":{"@type":"EntryPoint","urlTemplate":"https:\/\/gmfushawi.ca\/?s={search_term_string}"},"query-input":{"@type":"PropertyValueSpecification","valueRequired":true,"valueName":"search_term_string"}}],"inLanguage":"fr-FR"},{"@type":"Organization","@id":"https:\/\/gmfushawi.ca\/#organization","name":"GMF-U de Shawinigan","url":"https:\/\/gmfushawi.ca\/","logo":{"@type":"ImageObject","inLanguage":"fr-FR","@id":"https:\/\/gmfushawi.ca\/#\/schema\/logo\/image\/","url":"https:\/\/gmfushawi.ca\/wp-content\/uploads\/2026\/03\/LogoEntete02.png","contentUrl":"https:\/\/gmfushawi.ca\/wp-content\/uploads\/2026\/03\/LogoEntete02.png","width":160,"height":82,"caption":"GMF-U de Shawinigan"},"image":{"@id":"https:\/\/gmfushawi.ca\/#\/schema\/logo\/image\/"}}]}},"_links":{"self":[{"href":"https:\/\/gmfushawi.ca\/index.php\/wp-json\/wp\/v2\/pages\/1635","targetHints":{"allow":["GET"]}}],"collection":[{"href":"https:\/\/gmfushawi.ca\/index.php\/wp-json\/wp\/v2\/pages"}],"about":[{"href":"https:\/\/gmfushawi.ca\/index.php\/wp-json\/wp\/v2\/types\/page"}],"author":[{"embeddable":true,"href":"https:\/\/gmfushawi.ca\/index.php\/wp-json\/wp\/v2\/users\/1"}],"replies":[{"embeddable":true,"href":"https:\/\/gmfushawi.ca\/index.php\/wp-json\/wp\/v2\/comments?post=1635"}],"version-history":[{"count":2,"href":"https:\/\/gmfushawi.ca\/index.php\/wp-json\/wp\/v2\/pages\/1635\/revisions"}],"predecessor-version":[{"id":1701,"href":"https:\/\/gmfushawi.ca\/index.php\/wp-json\/wp\/v2\/pages\/1635\/revisions\/1701"}],"wp:attachment":[{"href":"https:\/\/gmfushawi.ca\/index.php\/wp-json\/wp\/v2\/media?parent=1635"}],"curies":[{"name":"wp","href":"https:\/\/api.w.org\/{rel}","templated":true}]}}